test common divisor of m and 28.
14
Suppose 34 = r + 10. Suppose -3*t - 117 = -4*h + 67, 3*t - 184 = -4*h. Suppose -226 + h = -5*z. What is the highest common divisor of r and z?
12
Suppose 0 = -2*f + 3*j + 68, 2*f - 2*j - 192 = -3*f. Let h be f/2 - (-7 - -9). What is the greatest common factor of h and 126?
18
Suppose -66 + 21 = -3*p. Let f be (2 - 1) + 76 + 1. Let o = f + -3. Calculate the greatest common factor of o and p.
15
Let k(v) = 2*v**2 + 4*v + 3. Let r be k(-3). Let s = -9 + 9. Suppose s = -5*u - 0*u + 3*h + 231, 2 = -h. Calculate the greatest common factor of r and u.
9
Let j = 57 + -33. Let l be (1/1)/(3/6). Suppose -4*d = l*k - 44, k - d - 1 = 6. Calculate the greatest common divisor of k and j.
12
Suppose 9*q - 10*q = -39. Calculate the greatest common factor of q and 26.
13
Suppose 5*r + 14 = y, 2*y - 17 = 2*r - 3*r. Let q(s) = s**2 - 8*s + 10. Let i be q(y). Calculate the greatest common divisor of i and 76.
19
Let i be ((-10)/(-35))/((-2)/(-14)). Suppose 10 = i*d + 26. Let u be (12/d)/((-3)/40). Calculate the greatest common factor of 10 and u.
10
Suppose 4*r = 2*p, -p + 5*r = p + 3. What is the greatest common factor of p and 42?
6
Let t(g) = -g**2 + 11*g - 7. Let h be t(9). What is the greatest common divisor of 1 and h?
1
Suppose 4*p - 37 = 27. What is the highest common factor of p and 32?
16
Let z be 12/(9/(-3)) - -3. Let m be 2 + (z - -47) + -3. Suppose 20 = 4*q - 0. Calculate the greatest common factor of q and m.
5
Suppose 3*u = 4*b - 128, 4*b - 2*u = -0*u + 124. What is the greatest common factor of b and 232?
29
Let l(r) = 41*r**2 - r - 1. Let j be l(-1). Suppose -j - 31 = -4*g. Let u be (-24)/(-6)*(-2)/(-4). What is the highest common divisor of u and g?
2
Let d be 88/(-11)*(1 - 6/4). Let k(b) = -b**2 - 9*b - 2. Let s be k(-6). What is the greatest common factor of d and s?
4
Suppose 3*o + 0*o + 3*j - 18 = 0, 3*o = -4*j + 19. Suppose o*f - 733 = 2*b, 0 = 3*b - 2 - 1. Calculate the highest common divisor of f and 21.
21
Suppose -2*x + 11 = -19. Suppose -x = -0*b - 5*b. What is the highest common factor of b and 15?
3
Let i be (2/4)/(2/56). What is the highest common factor of i and 7?
7
Suppose 5*d - 2206 = w, -d + 276 = 5*w - 160. What is the highest common factor of d and 63?
63
Suppose 0 = 5*k - 89 + 34. Let m = k + -8. Suppose -m*q + 208 = -q. Calculate the greatest common factor of q and 13.
13
Let h(i) = i**2 - i + 6. Let j be h(6). Calculate the greatest common factor of 54 and j.
18
Let l = 5 - 3. Let o be -3*(-1 + l - 2). Suppose o*f = 7*f - 576. Calculate the greatest common factor of 18 and f.
18
Let k be 132/2*60/72. Calculate the highest common factor of k and 10.
5
Let u = 50 + -14. Suppose u = 4*g - 8. What is the highest common divisor of 44 and g?
11
Let b be 124/6 - 3/(-9). Calculate the highest common divisor of b and 14.
7
Let p be (22/3)/(3/9). Let r be (-155)/(-3) - 4/6. Suppose m + k - 6 = 32, -3*k - r = -2*m. What is the highest common factor of p and m?
11
Let d(n) = 26*n**2 - 1. Let t be d(1). Let s = 44 + -19. Calculate the greatest common factor of t and s.
25
Let p = -18 - -30. Let c be 8/(-12) + 32/(-6). Let w be ((-3)/(-4))/(c/(-96)). What is the greatest common factor of w and p?
12
Let v be -15 + (-3)/((-9)/(-6)). Let f be 2*1/(-2)*v. What is the greatest common divisor of f and 17?
17
Suppose -7*u + 26 = 2*m - 3*u, 0 = -3*m + u + 18. Suppose -3*w - m = -52. Let s be (4/6)/((-4)/(-18)). What is the highest common divisor of s and w?
3
Let a = 2 + -1. Let x = -7 + a. Let n(u) = 2*u**2 + 9*u + 4. Let f be n(x). Calculate the greatest common factor of 11 and f.
11
Let s(z) be the third derivative of z**5/60 - 5*z**4/24 - 5*z**3/6 + 7*z**2. Let r be s(6). What is the greatest common divisor of 5 and r?
1
Suppose 4 + 2 = 3*v. Let u be v/(-2) + -13 - -2. Let s = 2 - u. Calculate the highest common divisor of s and 14.
14
Let p be (-1)/(2/(-80)) + 0. Let w(o) = o**3 - 7*o**2 + 11*o + 3. Let b be w(5). Calculate the greatest common divisor of p and b.
8
Suppose 2*c = 5*g - 6, -5*g + 10 + 4 = 2*c. Suppose -3*i + c*h + 3 = -0*h, -4*i - 3*h + 4 = 0. What is the greatest common factor of i and 3?
1
Suppose -2*k = k - 144. What is the greatest common divisor of 12 and k?
12
Let z be (4 - 2)/((-3)/(-27)). What is the highest common divisor of z and 54?
18
Let p(l) = -2*l**3 - 23*l**2 - 13*l - 11. Let j be p(-11). What is the highest common factor of 121 and j?
11
Let a(c) = 5*c**3 + 2*c**2 + 2*c + 1. Let b be a(-1). Let i(d) = -19*d + 4. Let j be i(b). Let z = 11 - 1. What is the highest common factor of z and j?
10
Suppose -44 = -7*h - 2. What is the greatest common factor of h and 42?
6
Let n = -8 + 11. What is the highest common divisor of 6 and n?
3
Let q(d) = 9*d**2 + 3*d - 2. Let c(r) = 3*r**2 + r + 1. Let b be c(-1). Let g be q(b). What is the greatest common factor of g and 8?
8
Let d = 11 + -9. Let u be (3/(-1))/(d/(-10)). Calculate the greatest common divisor of u and 60.
15
Suppose -2*q = -0*n - 4*n - 4, 4*q - 56 = -4*n. Let o be (-137)/(-3) + (-5)/(-15). Let h = o - 21. What is the highest common factor of h and q?
5
Let r be 3/(-2)*2616/(-18). Suppose 4*k + 852 = 4*l, 3*k = l + k - r. Suppose z = 3*z - l. Calculate the highest common divisor of z and 13.
13
Let p = 104 - 6. What is the greatest common factor of 14 and p?
14
Let r(m) = -9*m - 4. Let h be r(-6). What is the highest common factor of 25 and h?
25
Let s = 198 - 99. Calculate the highest common divisor of 9 and s.
9
Let i(t) = -t**2 + t + 4. Let c be i(0). Let b = 6 - c. Let q(j) = j**2 - 7*j + 2. Let g be q(8). What is the greatest common factor of g and b?
2
Let r(v) = v - 1 - v**2 - 8*v + 0. Let u be r(-5). What is the greatest common divisor of u and 81?
9
Let s be -2 + 1 - 2/(-2). Suppose b = -s*b - 5, -2*q + 2*b = -32. What is the greatest common divisor of 66 and q?
11
Let f be ((-18)/5)/(14/(-105)). Let s(l) = -2*l - 5. Let y(h) = -h**2. Let d be y(-2). Let t be s(d). Calculate the greatest common factor of f and t.
3
Suppose 5*m - 2277 = -827. Calculate the highest common factor of 29 and m.
29
Suppose 35 = 5*v + 5*y, 4*v + y - 10 = 3*y. What is the highest common factor of v and 76?
4
Let h(z) = -z**3 - 6*z**2 - 4*z - 12. Let v be h(-6). Let r be 1/2 + (-10)/(-4). What is the highest common factor of r and v?
3
Suppose 5*r = -22 + 72. Let b = 4 - r. Let o be 45/(-4)*16/b. What is the highest common divisor of o and 10?
10
Let n = 48 + -43. Let s = -91 + 146. What is the greatest common factor of s and n?
5
Suppose 4*l = 3*x + 136, -3*l - x + 88 + 1 = 0. Suppose -3*t - 7 + l = 0. What is the highest common factor of 56 and t?
8
Suppose -5*j + 25 + 80 = 0. What is the highest common divisor of j and 14?
7
Suppose 8 = 5*k - 4*k. Let v(a) = 39*a**3 + 2*a**2 - 1. Let t be v(1). Calculate the greatest common factor of k and t.
8
Let a(u) be the first derivative of u**2/2 + 8*u - 2. Let m be a(-4). What is the highest common factor of 4 and m?
4
Let i(p) = p**2 - 2*p + 3. Let t be i(2). Suppose -3*h = 2*h. Suppose 0 = y - h - 4, 0 = 4*x + y - 12. What is the highest common factor of t and x?
1
Let h = 7 + 34. Suppose -3*f + 112 = -h. What is the highest common divisor of f and 17?
17
Let k = -54 + 104. What is the greatest common divisor of 20 and k?
10
Let d = -2 - -1. Let f = 2 - d. Suppose 5*k - 165 = -3*r, k + f*r = -2*k + 105. Calculate the greatest common factor of 6 and k.
6
Let i(k) = -k + 5. Let t be i(7). Let c be 1/(-2) - (-38)/(-4). Let l be -1*t*c/(-4). What is the greatest common divisor of 55 and l?
5
Let y = -12 + 20. Let d(u) = -u**3 + 14*u**2 + 15*u. Let p be d(15). Suppose -2*h + h + 8 = p. Calculate the greatest common divisor of h and y.
8
Let s(k) be the third derivative of k**4/8 + 5*k**3/3 - 4*k**2. Let w be s(13). Let x = 12 - 5. What is the highest common divisor of w and x?
7
Suppose 3*r - 6 - 6 = 0. Let q be (12/8)/(3/16). Suppose 2*a - 9 = -z, -a + q = 3*z + z. Calculate the highest common divisor of r and a.
4
Let f = 40 + 2. What is the highest common divisor of f and 21?
21
Let k be (-525)/14*(-16)/6. Let d be ((-10)/4)/((-2)/16). What is the highest common factor of d and k?
20
Let h(m) = 14*m - 48. Let k be h(6). What is the greatest common divisor of 54 and k?
18
Suppose 0*q - 15 =